12001?
1002120
In base 3, what is 10 + -121012000001?
-121011222221
In base 14, what is 1 + 5c73?
5c74
In base 14, what is -443c - 35?
-4473
In base 15, what is 3 - -48bb?
48be
In base 14, what is -4dd - 1d?
-51c
In base 16, what is aa - -30?
da
In base 3, what is 1 + 111022112100?
111022112101
In base 2, what is 100001001111100101 - 1?
100001001111100100
In base 9, what is 141 - 255?
-114
In base 4, what is 210232 - 10302?
133330
In base 15, what is -62db + -20?
-630b
In base 15, what is 2 + e1b9?
e1bb
In base 11, what is -365378 - 1?
-365379
In base 4, what is -111 - -200023201?
200023030
In base 9, what is 2271 + 178?
2460
In base 14, what is -2 + 16b7a?
16b78
In base 4, what is 2 + 2111101?
2111103
In base 14, what is 16a - 14a?
20
In base 9, what is 11037 - -128?
11166
In base 10, what is -4 + -329269?
-329273
In base 3, what is 10 + 210012?
210022
In base 15, what is 5 + 2a8c?
2a92
In base 5, what is 44234041 - -23?
44234114
In base 6, what is -10 + -504002?
-504012
In base 8, what is -3 - -10660?
10655
In base 6, what is 3 + 20345?
20352
In base 10, what is 453 + -3379?
-2926
In base 9, what is 2 + 12608?
12611
In base 12, what is -4b98 + 1a?
-4b7a
In base 5, what is 1 + -213340?
-213334
In base 12, what is 6131 - 2?
612b
In base 8, what is 73522 - -143?
73665
In base 3, what is 1 + 110200022?
110200100
In base 11, what is 156a6 - -3?
156a9
In base 16, what is 6 + -37dd?
-37d7
In base 9, what is 22876 - 2?
22874
In base 5, what is 4144 + -2130?
2014
In base 8, what is 1406674 + 1?
1406675
In base 15, what is -5 + ca47?
ca42
In base 16, what is -2 - -201f4?
201f2
In base 9, what is -5704 + -85?
-5800
In base 8, what is 3711 + 5127?
11040
In base 13, what is -1b + -b09?
-b27
In base 5, what is 131023104 - -1?
131023110
In base 9, what is 3 - 315483?
-315480
In base 13, what is 11075 - -1?
11076
In base 4, what is -1201313223 + -11?
-1201313300
In base 14, what is -11b - -425?
308
In base 7, what is 124 - 22365?
-22241
In base 12, what is 13 + -577a1?
-5778a
In base 3, what is 122 - -100221022?
100221221
In base 16, what is -3 - 4df3?
-4df6
In base 9, what is -254 + 2501?
2236
In base 10, what is 269 - -378?
647
In base 15, what is a - -2128d?
21298
In base 8, what is 15023 + 555?
15600
In base 16, what is -adb5 + -2?
-adb7
In base 8, what is -152 + 5523?
5351
In base 13, what is 0 + -64ac2?
-64ac2
In base 8, what is 424601 + -2?
424577
In base 14, what is -70065 - -6?
-7005d
In base 2, what is 1 - 100100101000000?
-100100100111111
In base 14, what is -2 + -2ab8?
-2aba
In base 8, what is 124 - 140521?
-140375
In base 11, what is 15596 - -11?
155a7
In base 2, what is -11 + -11011101010?
-11011101101
In base 11, what is 23799 - -9?
237a7
In base 15, what is -1 - -16de8?
16de7
In base 16, what is -5 - -3d03?
3cfe
In base 2, what is 100 + -101110100100111?
-101110100100011
In base 4, what is -1 - -13202111?
13202110
In base 12, what is -6452 + 9?
-6445
In base 9, what is 5 + -4304?
-4288
In base 6, what is -2 - -1044331?
1044325
In base 14, what is d - 1d56d?
-1d560
In base 13, what is 510 + -26a?
273
In base 16, what is -e + -963?
-971
In base 5, what is -10 + -123234?
-123244
In base 3, what is -111022 + -201211?
-1020010
In base 8, what is 1036 - -130?
1166
In base 3, what is 10120 + 22121?
110011
In base 9, what is 5247 - 1503?
3644
In base 2, what is 11101110100 + 100?
11101111000
In base 3, what is 121002 - -2010202?
2201211
In base 4, what is -2033111220 + 3?
-2033111211
In base 3, what is 11011 - -102220?
121001
In base 8, what is -2 - -23016?
23014
In base 11, what is 532 - -99?
620
In base 15, what is -2d - 31e?
-34c
In base 6, what is 1414 + 150?
2004
In base 3, what is -1022012100 + -21?
-1022012121
In base 16, what is -1bf - 8c?
-24b
In base 8, what is 476 - -2727?
3425
In base 5, what is -240324 + -432?
-241311
In base 12, what is -134 - -57?
-99
In base 14, what is -cc4c + 5?
-cc47
In base 15, what is -16916 - a?
-16921
In base 12, what is -4 - 12700?
-12704
In base 6, what is -2115 + 251?
-1424
In base 2, what is 1101110000001 - -100?
1101110000101
In base 5, what is -10 + 102403?
102343
In base 14, what is -74 - -82?
c
In base 3, what is -11 + 22210?
22122
In base 8, what is 1 + -33147?
-33146
In base 15, what is -208 - -28?
-1d0
In base 10, what is 1943580 - 4?
1943576
In base 3, what is -2102 - -21211?
12102
In base 3, what is 11 + 1110212221220?
1110212222001
In base 3, what is 1 - -110110101212?
110110101220
In base 15, what is 3 + -376?
-373
In base 5, what is 3 + -1000042?
-1000034
In base 11, what is -10027a + 4?
-100276
In base 5, what is 344330303 - -1?
344330304
In base 10, what is -1 - -37786?
37785
In base 11, what is -3 + -1a39?
-1a41
In base 16, what is -1df6 + -5?
-1dfb
In base 9, what is 158 + 187?
356
In base 16, what is 4 - -8e5c?
8e60
In base 15, what is cc19 + 5?
cc1e
In base 7, what is -5 + -310416?
-310424
In base 10, what is -54 + 668?
614
In base 11, what is 90 + -13529?
-13449
In base 11, what is -1 + 436a84?
436a83
In base 4, what is 102 - -112011313?
112012021
In base 2, what is -11 + 1100110010110?
1100110010011
In base 12, what is 2 + 36639a?
3663a0
In base 4, what is 222302 - -21?
222323
In base 14, what is 5 - 68757?
-68752
In base 10, what is -14 - -1809?
1795
In base 7, what is 1042503 + 4?
1042510
In base 8, what is -3 - 62640?
-62643
In base 8, what is 5 - 64604?
-64577
In base 14, what is -10a - -9a?
-50
In base 13, what is 2841 + 8?
2849
In base 10, what is 413628 - -1?
413629
In base 13, what is a0535 + 2?
a0537
In base 3, what is -20000221 + -11?
-20001002
In base 11, what is 3234 - -25?
3259
In base 4, what is 1110211321 + -3?
1110211312
In base 4, what is -1 + 333332?
333331
In base 10, what is 1202 + -6010?
-4808
In base 8, what is -140506 + -2?
-140510
In base 14, what is 92c4 + -88?
923a
In base 9, what is 33 + -64065?
-64032
In base 4, what is -2121233332 + -1?
-2121233333
In base 7, what is -132503 - -364?
-132106
In base 16, what is 62b1 + 2?
62b3
In base 16, what is -8d461 + 0?
-8d461
In base 2, what is 11011000111 + -1011001?
11001101110
In base 9, what is 18467 - -5?
18473
In base 15, what is 886 - 5?
881
In base 12, what is 13 - 9?
6
In base 11, what is -a2 + 3737?
3645
In base 14, what is 5a27c + -3?
5a279
In base 13, what is -2507 - 3?
-250a
In base 11, what is -1080 - -44?
-1037
In base 10, what is -3217 + -48?
-3265
In base 7, what is 53 - -26001?
26054
In base 11, what is -2084 - -8?
-2077
In base 8, what is -24 + 23502?
23456
In base 12, what is 6 + -2416b?
-24165
In base 13, what is -3 + -65b?
-661
In base 13, what is -412b4 - 1?
-412b5
In base 15, what is 819 - -45?
85e
In base 15, what is -e088 - -c?
-e07b
In base 14, what is 5 - 1152?
-114b
In base 8, what is -53155 + 2?
-53153
In base 14, what is -12 - -1013?
1001
In base 14, what is 145 - -19c?
303
In base 4, what is 30 - -33110?
33200
In base 4, what is -20222 - -10032?
-10130
In base 8, what is 47553 + 20?
47573
In base 10, what is 8115 - -302?
8417
In base 12, what is 298280 + 2?
298282
In base 13, what is 0 - -2674?
2674
In base 16, what is -108de + -4?
-108e2
In base 16, what is 5483d - 2?
5483b
In base 7, what is 1311 + 36?
1350
In base 12, what is 3 - 48453?
-48450
In base 4, what is 31101 + 2111?
33212
In base 11, what is -93 + -51?
-134
In base 5, what is -311 - -421214?
420403
In base 9, what is 27 - -403?
431
In base 6, what is -3512425 + -4?
-3512433
In base 13, what is -1a4 + -c?
-1b3
In base 14, what is 43 + -5a4c?
-5a09
In base 5, what is 142043 - 134?
141404
In base 14, what is -71 - -103?
72
In base 14, what is b880 - 5?
b879
In base 13, what is -121 + -69?
-18a
In base 7, what is 2 + -1204236?
-1204234
In base 12, what is 11 - 5a18?
-5a07
In base 15, what is -16d5c + -a?
-16d67
In base 6, what is -1 + -40253333?
-40253334
In base 9, what is -35727 - 1?
-35728
In base 8, what is -23 + -1372?
-1415
In base 5, what is 1 - -33220?
33221
In base 4, what is 3 - -232232?
232301
In base 5, what is 32333434 - -1?
32333440
In base 4, what is 12 - -300311?
300323
In base 9, what is -36888 - 6?
-37005
In base 10, what is 3302 + 500?
3802
In base 4, what is -3 + 1123310120?
1123310111
In base 7, what is -6 - -1514460?
1514451
In base 9, what is -5 - 121188?
-121204
In base 4, what is -113311112 - 0?
-1133